 1596000773 a prime number?
True
Is 153481316026 a prime number?
False
Is 72974962583 a prime number?
True
Is 13802242261 a composite number?
False
Is 63875080559 prime?
True
Is 693209767 prime?
False
Is 153357317159 a composite number?
True
Is 2638923043 a composite number?
False
Is 114640327 composite?
True
Is 50060425603 a prime number?
True
Is 6191462731 prime?
False
Is 1538189993 a composite number?
False
Is 1188883573 a prime number?
False
Is 1483984147 prime?
False
Is 121682858701 a composite number?
False
Is 102132721 prime?
True
Is 3811646413 prime?
False
Is 1869348317 prime?
True
Is 8337250133 composite?
False
Is 8594487287 prime?
True
Is 149306131 a composite number?
True
Is 3088086811 composite?
True
Is 70331180869 a prime number?
False
Is 3225073807 a prime number?
True
Is 7716681253 a prime number?
False
Is 71055138461 composite?
False
Is 25930395317 a composite number?
True
Is 4547591 a prime number?
False
Is 725211143 prime?
False
Is 2405915203 a composite number?
False
Is 4098879761 a prime number?
True
Is 38074810031 a composite number?
True
Is 9810568489 a composite number?
False
Is 17930727631 a composite number?
False
Is 1103868791 composite?
False
Is 22521275503 prime?
False
Is 20906497627 a composite number?
True
Is 55189684261 a prime number?
False
Is 6398334363 a prime number?
False
Is 9452643563 a prime number?
False
Is 78831065419 composite?
False
Is 688324162 prime?
False
Is 9056088913 prime?
True
Is 238738965787 prime?
False
Is 24676162009 a prime number?
True
Is 229726897 prime?
True
Is 139500719771 composite?
True
Is 12820815481 composite?
True
Is 2711483009 composite?
False
Is 15236972711 a composite number?
False
Is 49684214719 composite?
False
Is 3255663605 a composite number?
True
Is 11889068459 composite?
False
Is 12468809723 a composite number?
False
Is 15055923041 a composite number?
True
Is 86355749 composite?
False
Is 722289531 composite?
True
Is 14762681679 a composite number?
True
Is 10294669349 a composite number?
False
Is 3053694685 composite?
True
Is 25108861979 a composite number?
False
Is 1347497009 composite?
False
Is 163431557 a prime number?
False
Is 54734599 a prime number?
False
Is 1179456263 a composite number?
True
Is 5063507737 a composite number?
True
Is 3736051027 prime?
False
Is 34672092709 composite?
False
Is 1294570811 a prime number?
True
Is 1866211777 a prime number?
True
Is 5584686869 prime?
True
Is 35314980739 prime?
True
Is 323998613 a prime number?
False
Is 184540119 composite?
True
Is 591163007 composite?
True
Is 4246737797 composite?
True
Is 5981397659 a composite number?
True
Is 1615119691 a composite number?
False
Is 727824109 composite?
False
Is 13554920239 a composite number?
True
Is 530281991 composite?
True
Is 13769901781 a prime number?
True
Is 6017021093 prime?
False
Is 865913129 a prime number?
False
Is 7805895409 composite?
True
Is 406943473 prime?
False
Is 25222719991 composite?
True
Is 5112230009 a prime number?
True
Is 47906223163 a prime number?
True
Is 471411030709 a prime number?
True
Is 6433015831 composite?
True
Is 1258502081 a composite number?
False
Is 1840774183 prime?
True
Is 22052108167 a composite number?
True
Is 1082722063 a prime number?
True
Is 8336691329 prime?
False
Is 71878439 a composite number?
False
Is 98031491 a prime number?
False
Is 6061060801 composite?
True
Is 70126817 prime?
True
Is 5226476873 composite?
False
Is 1301571149 a prime number?
False
Is 93541941865 composite?
True
Is 7261888511 composite?
True
Is 3087713459 prime?
True
Is 200549567 prime?
True
Is 29389093577 a prime number?
True
Is 46397260471 a composite number?
False
Is 64246909811 a composite number?
True
Is 14696189639 composite?
True
Is 186496589063 a prime number?
True
Is 12940857349 a composite number?
True
Is 86565314371 a prime number?
False
Is 111957221 composite?
True
Is 17473151 prime?
True
Is 9329759 composite?
False
Is 79173960179 prime?
False
Is 122633933 a composite number?
False
Is 3040039759 a prime number?
False
Is 1147631197 a composite number?
False
Is 909771853 composite?
False
Is 32449913543 composite?
True
Is 5472874697 prime?
False
Is 1380790483 a composite number?
False
Is 8591113859 prime?
False
Is 201435317 a composite number?
False
Is 9829153447 composite?
False
Is 457800493 a prime number?
False
Is 24276243833 prime?
True
Is 43042479101 prime?
True
Is 33878895133 composite?
True
Is 302176909 composite?
False
Is 14531142137 a prime number?
True
Is 11640721 prime?
True
Is 15752427247 a composite number?
False
Is 2034185633 a prime number?
False
Is 7089961243 prime?
True
Is 1671901279 a prime number?
False
Is 2633643515 composite?
True
Is 218215865839 composite?
False
Is 20131880299 prime?
False
Is 47593296881 a composite number?
True
Is 26643244011 a prime number?
False
Is 70746136882 prime?
False
Is 7541304751 prime?
False
Is 16705051817 a prime number?
True
Is 3241188931 prime?
True
Is 627750607 prime?
False
Is 2818624841 a composite number?
False
Is 37351330061 a composite number?
False
Is 315333537 a prime number?
False
Is 2894320007 a prime number?
False
Is 450174007 prime?
True
Is 681919787 a composite number?
True
Is 4317577226 a prime number?
False
Is 266816781151 prime?
False
Is 55111723207 composite?
True
Is 268342897 composite?
False
Is 506485961 a composite number?
False
Is 3728222599 a prime number?
True
Is 268350361 a composite number?
True
Is 3693935527 a composite number?
True
Is 386214581 composite?
True
Is 657069097 a composite number?
False
Is 3642315247 a composite number?
False
Is 6947545337 prime?
True
Is 1277408219 composite?
False
Is 207491677 a composite number?
False
Is 393804863 a composite number?
False
Is 1511921393 a composite number?
False
Is 36724047643 a prime number?
True
Is 25520540861 composite?
False
Is 2252573157 a composite number?
True
Is 2658500491 a composite number?
False
Is 759423403 prime?
True
Is 73363200857 a composite number?
False
Is 13553162081 a composite number?
False
Is 165771869 prime?
False
Is 99768413 composite?
False
Is 843642253 prime?
True
Is 3854380771 prime?
True
Is 49042295777 prime?
True
Is 29130965879 composite?
False
Is 165471151 a composite number?
False
Is 12210552269 a composite number?
False
Is 314709193 a prime number?
True
Is 65263241327 composite?
False
Is 10580925031 a composite number?
False
Is 88864019111 a prime number?
False
Is 5076488047 prime?
False
Is 4953768817 composite?
False
Is 11066792941 a prime number?
False
Is 20144329 prime?
False
Is 4075241539 a prime number?
True
Is 636678191 a composite number?
True
Is 432992879 prime?
False
Is 125809532747 prime?
False
Is 30331633 a composite number?
True
Is 726361553 a prime number?
False
Is 884773889 a composite number?
False
Is 2024435269 a prime number?
True
Is 40686843629 prime?
False
Is 4973286287 a composite number?
False
Is 18090421061 a prime number?
True
Is 673819863 a prime number?
False
Is 1273613413 a prime number?
True
Is 4268711923 composite?
True
Is 70115543 a composite number?
False
Is 8780799629 composite?
True
Is 59439613901 a prime number?
True
Is 28799398 a composite number?
True
Is 19938112829 composite?
False
Is 185852793991 a composite number?
False
Is 1390743814 composite?
True
Is 6528792187 a prime number?
False
Is 44358772083 prime?
False
Is 24535279 prime?
True
Is 1017755231 prime?
True
Is 3119491 a prime number?
True
Is 47498685511 composite?
False
Is 21462394159 a prime number?
False
Is 26645960947 a composite number?
False
Is 102476493617 composite?
False
Is 483312763 a prime number?
False
Is 151216213 prime?
True
Is 7555625747 a prime number?
False
Is 136533809899 composite?
True
Is 8167299431 a prime number?
False
Is 1197325229 composite?
False
Is 334693169 a prime number?
True
Is 2029340539 a composite number?
False
Is 36260958779 prime?
True
Is 11098824907 prime?
False
Is 119974120697 a prime number?
True
Is 3940291679 a prime number?
True
Is 517055717 composite?
True
Is 1752837133 a composite number?
True
Is 241272743 a prime number?
True
Is 676677371 a composite number?
False
Is 5411526451 a composite number?
False
Is 8108246309 prime?
True
Is 31429342589 prime?
False
Is 1975721851 composite?
False
Is 5895107234 a composite number?
True
Is 24458268587 prime?
True
Is 38267939 a prime 